{"id":78,"date":"2012-04-09T16:23:29","date_gmt":"2012-04-09T14:23:29","guid":{"rendered":"http:\/\/bibel.thomashieke.de\/?page_id=78"},"modified":"2024-07-18T14:52:08","modified_gmt":"2024-07-18T12:52:08","slug":"judentum","status":"publish","type":"page","link":"https:\/\/bibel.thomashieke.de\/?page_id=78","title":{"rendered":"Judentum"},"content":{"rendered":"\n<ul class=\"wp-block-list\">\n<li>Eine gro\u00dfe Fundgrube j\u00fcdischer Texte zur Bibel (Mischna, Talmud, Midrasch, Targum, Raschi usw.) in Hebr\u00e4isch\/Aram\u00e4isch, Englisch, Deutsch: <a rel=\"noopener\" href=\"https:\/\/www.sefaria.org\/texts\" target=\"_blank\">https:\/\/www.sefaria.org\/texts<\/a><\/li>\n\n\n\n<li>Ausf\u00fchrliche Informationen \u00fcber das Judentum mit Anfragem\u00f6glichkeit: <a href=\"http:\/\/www.jci.co.il\" target=\"_blank\" rel=\"noopener\">http:\/\/www.jci.co.il<\/a><\/li>\n\n\n\n<li>Ausf\u00fchrliche Informationen \u00fcber das Judentum in englischer Sprache: <a href=\"https:\/\/www.myjewishlearning.com\/article\/introduction-to-judaism\/\" target=\"_blank\" rel=\"noopener\">https:\/\/www.myjewishlearning.com\/article\/introduction-to-judaism\/<\/a><\/li>\n\n\n\n<li>Informationen in englischer Sprache \u00fcber den Talmud (Mischna, Gemara, etc.) mit interaktiven Bildern (Eliezer Segal, University of Calgary): <a href=\"http:\/\/www.ucalgary.ca\/~elsegal\/InterAct.html\" target=\"_blank\" rel=\"noopener\">http:\/\/www.ucalgary.ca\/~elsegal\/InterAct.html<\/a><\/li>\n\n\n\n<li>Jewish Encyclopedia (originally published between 1901 and 1906): <a href=\"http:\/\/www.jewishencyclopedia.com\" target=\"_blank\" rel=\"noopener\">http:\/\/www.jewishencyclopedia.com<\/a><\/li>\n\n\n\n<li>Dictionary of Targumim, Talmud and Midrashic Literature<br>by Marcus Jastrow (1926):&nbsp;<a href=\"http:\/\/www.tyndalearchive.com\/tabs\/jastrow\/\" target=\"_blank\" rel=\"noopener\">http:\/\/www.tyndalearchive.com\/tabs\/jastrow\/<\/a><\/li>\n\n\n\n<li>Navigating the Bible II: Ein englischsprachiges Studienprogramm zur j\u00fcdischen Bibel, zu Tora, Haftarot und Brachot &#8211; mit Kalender, Textsuche, Bibellexikon, einem Programm zur grafischen Darstellung biblischer Genealogien, mit Anweisungen zum Singen der hebr\u00e4ischen Tora, Real-Player-Dateien zur Wiedergabe der von einem Kantor gesungenen Tora usw.: <a rel=\"noopener\" href=\"http:\/\/bible.ort.org\/\" target=\"_blank\">http:\/\/bible.ort.org\/<\/a>. World ORT ist eine internationale j\u00fcdische Non-Profit-Organisation f\u00fcr Erziehung und Bildung. &#8211; Die Seite ist derzeit nicht erreichbar. Der digitale Kurs ist als CD und als Download erh\u00e4ltlich: <a href=\"https:\/\/jewishsoftware.com\/navigating-the-bible-ii-1\" target=\"_blank\" rel=\"noreferrer noopener\">https:\/\/jewishsoftware.com\/navigating-the-bible-ii-1<\/a><\/li>\n\n\n\n<li>Redewendungen aus dem Jiddischen und dem Hebr\u00e4ischen: <a href=\"https:\/\/www.juedische-allgemeine.de\/sprachgeschichten\/\" target=\"_blank\" rel=\"noopener\">https:\/\/www.juedische-allgemeine.de\/sprachgeschichten\/<\/a><\/li>\n<\/ul>\n\n\n\n<hr class=\"wp-block-separator has-alpha-channel-opacity\"\/>\n\n\n\n<ul class=\"wp-block-list\">\n<li>Ein virtueller Rundgang durch eine Ausstellung zu den Samaritanern im Museum of the Bible (2022\/2023) in englischer Sprache (Prof. Steven Fine): <a href=\"https:\/\/my.matterport.com\/show\/?m=7arRPEUgNRA\">https:\/\/my.matte<\/a><a href=\"https:\/\/my.matterport.com\/show\/?m=7arRPEUgNRA\" target=\"_blank\" rel=\"noreferrer noopener\">r<\/a><a href=\"https:\/\/my.matterport.com\/show\/?m=7arRPEUgNRA\">port.com\/show\/?m=7arRPEUgNRA<\/a><\/li>\n<\/ul>\n","protected":false},"excerpt":{"rendered":"","protected":false},"author":1,"featured_media":0,"parent":74,"menu_order":2,"comment_status":"closed","ping_status":"closed","template":"","meta":{"footnotes":""},"class_list":["post-78","page","type-page","status-publish","hentry"],"_links":{"self":[{"href":"https:\/\/bibel.thomashieke.de\/index.php?rest_route=\/wp\/v2\/pages\/78","targetHints":{"allow":["GET"]}}],"collection":[{"href":"https:\/\/bibel.thomashieke.de\/index.php?rest_route=\/wp\/v2\/pages"}],"about":[{"href":"https:\/\/bibel.thomashieke.de\/index.php?rest_route=\/wp\/v2\/types\/page"}],"author":[{"embeddable":true,"href":"https:\/\/bibel.thomashieke.de\/index.php?rest_route=\/wp\/v2\/users\/1"}],"replies":[{"embeddable":true,"href":"https:\/\/bibel.thomashieke.de\/index.php?rest_route=%2Fwp%2Fv2%2Fcomments&post=78"}],"version-history":[{"count":18,"href":"https:\/\/bibel.thomashieke.de\/index.php?rest_route=\/wp\/v2\/pages\/78\/revisions"}],"predecessor-version":[{"id":664,"href":"https:\/\/bibel.thomashieke.de\/index.php?rest_route=\/wp\/v2\/pages\/78\/revisions\/664"}],"up":[{"embeddable":true,"href":"https:\/\/bibel.thomashieke.de\/index.php?rest_route=\/wp\/v2\/pages\/74"}],"wp:attachment":[{"href":"https:\/\/bibel.thomashieke.de\/index.php?rest_route=%2Fwp%2Fv2%2Fmedia&parent=78"}],"curies":[{"name":"wp","href":"https:\/\/api.w.org\/{rel}","templated":true}]}}